{"id":6469,"date":"2015-11-17T17:08:12","date_gmt":"2015-11-17T17:08:12","guid":{"rendered":"http:\/\/www.rec.uff.br\/?page_id=6469"},"modified":"2015-12-01T17:22:27","modified_gmt":"2015-12-01T17:22:27","slug":"quem-somos","status":"publish","type":"page","link":"https:\/\/rec.uff.br\/?page_id=6469","title":{"rendered":"Quem Somos"},"content":{"rendered":"<p>O ReC \u2013 Grupo de Pesquisa em Ret\u00f3rica do Consumo (UFF\/CNPq) \u2013 \u00e9 um grupo multidisciplinar e multi-institucional que desenvolve uma investiga\u00e7\u00e3o ampla e fundamentada a respeito da ret\u00f3rica do consumo, t\u00e3o presente na m\u00eddia atual. A partir do diagn\u00f3stico das principais caracter\u00edsticas da sociedade de consumo contempor\u00e2nea, as pesquisas buscam o mapeamento das estrat\u00e9gias semi\u00f3ticas e discursivas que v\u00eam promovendo uma forma de integra\u00e7\u00e3o s\u00f3cio-afetiva na atual sociedade, principalmente atrav\u00e9s da atividade publicit\u00e1ria. O Grupo de Pesquisa leva em conta tanto os conte\u00fados e valores comunicados pela Publicidade contempor\u00e2nea como suas formas verbais e n\u00e3o-verbais de comunica\u00e7\u00e3o. Nos \u00faltimos tr\u00eas anos, o ReC vem trabalhando o conceito de &#8220;Ciberpublicidade&#8221;.<\/p>\n","protected":false},"excerpt":{"rendered":"<p>O ReC \u2013 Grupo de Pesquisa em Ret\u00f3rica do Consumo (UFF\/CNPq) \u2013 \u00e9 um grupo multidisciplinar e multi-institucional que desenvolve uma investiga\u00e7\u00e3o ampla e fundamentada a respeito da ret\u00f3rica do [&hellip;]<\/p>\n","protected":false},"author":123481,"featured_media":0,"parent":0,"menu_order":0,"comment_status":"closed","ping_status":"closed","template":"","meta":{"_et_pb_use_builder":"","_et_pb_old_content":"","_et_gb_content_width":"","_exactmetrics_skip_tracking":false,"_exactmetrics_sitenote_active":false,"_exactmetrics_sitenote_note":"","_exactmetrics_sitenote_category":0,"footnotes":""},"categories":[],"tags":[],"class_list":["post-6469","page","type-page","status-publish","hentry"],"_links":{"self":[{"href":"https:\/\/rec.uff.br\/index.php?rest_route=\/wp\/v2\/pages\/6469","targetHints":{"allow":["GET"]}}],"collection":[{"href":"https:\/\/rec.uff.br\/index.php?rest_route=\/wp\/v2\/pages"}],"about":[{"href":"https:\/\/rec.uff.br\/index.php?rest_route=\/wp\/v2\/types\/page"}],"author":[{"embeddable":true,"href":"https:\/\/rec.uff.br\/index.php?rest_route=\/wp\/v2\/users\/123481"}],"replies":[{"embeddable":true,"href":"https:\/\/rec.uff.br\/index.php?rest_route=%2Fwp%2Fv2%2Fcomments&post=6469"}],"version-history":[{"count":5,"href":"https:\/\/rec.uff.br\/index.php?rest_route=\/wp\/v2\/pages\/6469\/revisions"}],"predecessor-version":[{"id":6549,"href":"https:\/\/rec.uff.br\/index.php?rest_route=\/wp\/v2\/pages\/6469\/revisions\/6549"}],"wp:attachment":[{"href":"https:\/\/rec.uff.br\/index.php?rest_route=%2Fwp%2Fv2%2Fmedia&parent=6469"}],"wp:term":[{"taxonomy":"category","embeddable":true,"href":"https:\/\/rec.uff.br\/index.php?rest_route=%2Fwp%2Fv2%2Fcategories&post=6469"},{"taxonomy":"post_tag","embeddable":true,"href":"https:\/\/rec.uff.br\/index.php?rest_route=%2Fwp%2Fv2%2Ftags&post=6469"}],"curies":[{"name":"wp","href":"https:\/\/api.w.org\/{rel}","templated":true}]}}

<p>O ReC – Grupo de Pesquisa em Retórica do Consumo (UFF/CNPq) – é um grupo multidisciplinar e multi-institucional que desenvolve uma investigação ampla e fundamentada a respeito da retórica do consumo, tão presente na mídia atual. A partir do diagnóstico das principais características da sociedade de consumo contemporânea, as pesquisas buscam o mapeamento das estratégias semióticas e discursivas que vêm promovendo uma forma de integração sócio-afetiva na atual sociedade, principalmente através da atividade publicitária. O Grupo de Pesquisa leva em conta tanto os conteúdos e valores comunicados pela Publicidade contemporânea como suas formas verbais e não-verbais de comunicação. Nos últimos três anos, o ReC vem trabalhando o conceito de &#8220;Ciberpublicidade&#8221;.</p>

<p>O ReC – Grupo de Pesquisa em Retórica do Consumo (UFF/CNPq) – é um grupo multidisciplinar e multi-institucional que desenvolve uma investigação ampla e fundamentada a respeito da retórica do [&hellip;]</p>
