{"id":6509,"date":"2015-11-18T19:14:04","date_gmt":"2015-11-18T19:14:04","guid":{"rendered":"http:\/\/www.rec.uff.br\/?page_id=6509"},"modified":"2015-12-21T21:06:14","modified_gmt":"2015-12-21T21:06:14","slug":"livros","status":"publish","type":"page","link":"https:\/\/rec.uff.br\/?page_id=6509","title":{"rendered":"Livros"},"content":{"rendered":"<p><a href=\"https:\/\/rec.uff.br\/wp-content\/uploads\/sites\/196\/2015\/11\/Livro-Ciberpublicidade.jpg\"><img loading=\"lazy\" decoding=\"async\" class=\"alignleft wp-image-6540\" src=\"https:\/\/rec.uff.br\/wp-content\/uploads\/sites\/196\/2015\/11\/Livro-Ciberpublicidade.jpg\" alt=\"Livro Ciberpublicidade\" width=\"280\" height=\"418\" \/><\/a><\/p>\n<p><strong>Ciberpublicidade: discurso, experi\u00eancia e consumo na cultura transmidi\u00e1tica<\/strong><\/p>\n<p><strong>Organizadores: <\/strong>Guilherme Nery Atem, Thaiane Moreira de Oliveira, Sandro T\u00f4rres de Azevedo<\/p>\n<p><strong>Autores: <\/strong>Lucia Santaella e Maria Collier de Mendon\u00e7a, Vander Casaqui, Pedro Hell\u00edn e Eneus Trindade (com Livia Souza e Rosane Mauro), Thaiane Moreira de Oliveira e Fernanda Carrera, Livia Souza e Mariana Marchesi, Jo\u00e3o Carrascoza, Guilherme Nery Atem e Mariana Ayres Tavares, Renato L. Figueiredo, Rog\u00e9rio Covaleski, Sandro T\u00f4rres de Azevedo, Arlete Eni Granero, Clotilde Perez e Sergio Bairon, Rhaissa Vitor e Adilson Cabral, Bruno Pompeu, Goiam\u00e9rico Fel\u00edcio e Mariana de Paiva Ara\u00fajo.<\/p>\n<p>Ciberpublicidade \u00e9 o termo que temos usado no ReC (Grupo de Pesquisa em Ret\u00f3rica do Consumo \u2013 UFF) para diferenciar as atuais l\u00f3gicas publicit\u00e1rias daquelas que vigoraram at\u00e9 o final do s\u00e9culo XX. Ultrapassando uma visada tecnicista, o conceito abrange as transforma\u00e7\u00f5es na forma de se pensar, criar, produzir, veicular, aferir e dar sentido a publicidade nos dias de hoje, considerando a atitude da sociedade e da cultura contempor\u00e2nea marcada pela onipresen\u00e7a das m\u00eddias digitais. Assim, reunimos diversos pesquisadores da \u00e1rea da Publicidade, da Comunica\u00e7\u00e3o e da Linguagem para ocupar um espa\u00e7o que permanecia lac\u00f4nico na academia brasileira: refletir sobre essa nova condi\u00e7\u00e3o da Publicidade e desenvolver uma perspectiva metodol\u00f3gica e cr\u00edtica de seus fen\u00f4menos.<\/p>\n<p>&nbsp;<\/p>\n<p><a href=\"https:\/\/rec.uff.br\/wp-content\/uploads\/sites\/196\/2015\/11\/Livro-Linguagens-cibercultura.jpg\"><img loading=\"lazy\" decoding=\"async\" class=\"alignleft wp-image-6537\" src=\"https:\/\/rec.uff.br\/wp-content\/uploads\/sites\/196\/2015\/11\/Livro-Linguagens-cibercultura.jpg\" alt=\"Livro Linguagens cibercultura\" width=\"280\" height=\"424\" \/><\/a><\/p>\n<p><strong>Linguagens na Cibercultura<\/strong><\/p>\n<p><strong>Organizadores: <\/strong>Lucia Teixeira, Jos\u00e9 Roberto do Carmo Jr.<\/p>\n<p><strong>Autores: <\/strong>Eugenio Trivinho, Kati Eliana Caetano, Jos\u00e9 Roberto do Carmo Jr., Lucia Teixeira, Stefania Caliandro, Regina Souza Gomes, Guilherme Nery Atem e Sandro Torres de Azevedo, Oriana de Nadai Fulaneti, Renata Mancini e Jo\u00e3o Alt, Silvia Maria de Sousa, Karla Faria e Lucia Teixeira, Luiza Helena Oliveira da Silva, Naiane Vieira dos Reis<\/p>\n<p>A cibercultura, entendida n\u00e3o apenas como quest\u00e3o tecnol\u00f3gica, mas como atitude da sociedade contempor\u00e2nea, capaz de gerar impactos socioculturais ainda pouco estudados, manifesta-se por meio de uma linguagem sincr\u00e9tica, que opera com desenhos, gr\u00e1ficos, figuras, cores, palavras, sons, movimento etc. Qualquer que seja o suporte em que se concretiza, a linguagem multissensorial dos novos meios passa a modelar e intermediar rela\u00e7\u00f5es em que o corpo do homem se dobra aos efeitos, encantos e tenta\u00e7\u00f5es da m\u00e1quina. A pesquisa nos campos da Semi\u00f3tica, da Lingu\u00edstica e da Comunica\u00e7\u00e3o n\u00e3o pode deixar de considerar tais quest\u00f5es e deve deter-se na an\u00e1lise da rela\u00e7\u00e3o entre o impacto tecnol\u00f3gico representado pelas m\u00eddias digitais e a correspondente novidade social gerada pelas formas de intera\u00e7\u00e3o propostas. Os artigos reunidos neste livro n\u00e3o s\u00f3 discutem quest\u00f5es ligadas \u00e0s formas de manifesta\u00e7\u00e3o do hipertexto e ao papel do suporte digital, mas tamb\u00e9m debru\u00e7am-se sobre a necessidade de redimensionar e questionar conceitos como os de texto, enuncia\u00e7\u00e3o e intera\u00e7\u00e3o. Para al\u00e9m disso, questionam a produ\u00e7\u00e3o de mitos como o da universalidade do acesso \u00e0 rede e o da abertura infinita do hipertexto.<\/p>\n<p>&nbsp;<\/p>\n<p><a href=\"https:\/\/rec.uff.br\/wp-content\/uploads\/sites\/196\/2015\/11\/Livro-Universo-signico.png\"><img loading=\"lazy\" decoding=\"async\" class=\"alignleft wp-image-6530\" src=\"https:\/\/rec.uff.br\/wp-content\/uploads\/sites\/196\/2015\/11\/Livro-Universo-signico.png\" alt=\"Livro Universo signico\" width=\"280\" height=\"401\" \/><\/a><\/p>\n<p><strong>Universo s\u00edgnico da pirataria: Falso? Verdadeiro!<\/strong><\/p>\n<p><strong>Organizadores:<\/strong> Clotilde Perez, Eneus Trindade, J\u00f4se Foga\u00e7a, Leandro Batista<\/p>\n<p><strong>Autores: <\/strong>Alexandre Las Casas, Alhen Rubens, Andr\u00e9 Luiz Peruzzo, Andrea Meneghel, Bibiana Stholer, Saben\u00e7a Almeida, Bruno Pompeu Marques Filho, Carolina Boari Caraciola, Cinira Baader, Clotilde Perez, Dorinho Bastos, Eneus Trindade Barreto Filho, Gabriela Ayer, Gino Giacomini Filho, H\u00e9lio Silva, Janiene Santos, Jeferson Hugo Pacheco de Rezende, J\u00f4se Foga\u00e7a, Jos\u00e9 Palandi Junior, Lawrence Koo, Leandro Leonardo Batista, Livia Souza, Marcos Hiller, Maria Cec\u00edlia Andreucci Cury, Nicol\u00e1s Llano, Paulo Roberto Monteiro de Ara\u00fajo, Raquel de Castro Dantas Cavalcante, Sergio Bairon, Silvio Koiti Sato, Thais Novais de Curtis, Wesley Moreira Pinheiro<\/p>\n<p>Este livro condensa as contribui\u00e7\u00f5es dos integrantes e convidados do Grupo de Estudos Semi\u00f3ticos em Comunica\u00e7\u00e3o, Cultura e Consumo (GESC3 \u2013 CNPq e PPGCOM\/USP) em investiga\u00e7\u00e3o conduzida sobre a perspectiva do falso como verdadeiro na constru\u00e7\u00e3o das percep\u00e7\u00f5es est\u00e9ticas, das condutas \u00e9ticas e das generaliza\u00e7\u00f5es correspondentes \u00e0s dimens\u00f5es simb\u00f3licas que constituem o universo de sentidos do consumo de mercadorias de marcas pirateadas.<\/p>\n<p>&nbsp;<\/p>\n<p>&nbsp;<\/p>\n<p>&nbsp;<\/p>\n<p><a href=\"https:\/\/rec.uff.br\/wp-content\/uploads\/sites\/196\/2015\/11\/Livro-Juventude-e-consumo1.jpg\"><img loading=\"lazy\" decoding=\"async\" class=\"alignleft wp-image-6586\" src=\"https:\/\/rec.uff.br\/wp-content\/uploads\/sites\/196\/2015\/11\/Livro-Juventude-e-consumo1.jpg\" alt=\"Livro Juventude e consumo\" width=\"285\" height=\"388\" \/><\/a><\/p>\n<p><strong>Juventude e consumo: um estudo sobre a comunica\u00e7\u00e3o na cultura contempor\u00e2nea<\/strong><\/p>\n<p><strong>Autores:<\/strong> Everardo Rocha, Cl\u00e1udia Periera<\/p>\n<p>Dividido em quatro cap\u00edtulos o livro &#8216;Juventude e Consumo&#8217; enfoca quest\u00f5es vinculadas \u00e0 juventude, ao consumo, \u00e0s novas tecnologias, ao luxo e \u00e0 comunica\u00e7\u00e3o. Aprofunda-se nesses fen\u00f4menos e suas formas de realiza\u00e7\u00e3o social na cultura brasileira e na experi\u00eancia de juventude, como modo de ampliar as perspectivas para uma reflex\u00e3o sobre o imagin\u00e1rio contempor\u00e2neo.<\/p>\n","protected":false},"excerpt":{"rendered":"<p>Ciberpublicidade: discurso, experi\u00eancia e consumo na cultura transmidi\u00e1tica Organizadores: Guilherme Nery Atem, Thaiane Moreira de Oliveira, Sandro T\u00f4rres de Azevedo Autores: Lucia Santaella e Maria Collier de Mendon\u00e7a, Vander Casaqui, [&hellip;]<\/p>\n","protected":false},"author":123481,"featured_media":0,"parent":0,"menu_order":0,"comment_status":"closed","ping_status":"closed","template":"","meta":{"_et_pb_use_builder":"","_et_pb_old_content":"","_et_gb_content_width":"","_exactmetrics_skip_tracking":false,"_exactmetrics_sitenote_active":false,"_exactmetrics_sitenote_note":"","_exactmetrics_sitenote_category":0,"footnotes":""},"categories":[],"tags":[],"class_list":["post-6509","page","type-page","status-publish","hentry"],"_links":{"self":[{"href":"https:\/\/rec.uff.br\/index.php?rest_route=\/wp\/v2\/pages\/6509","targetHints":{"allow":["GET"]}}],"collection":[{"href":"https:\/\/rec.uff.br\/index.php?rest_route=\/wp\/v2\/pages"}],"about":[{"href":"https:\/\/rec.uff.br\/index.php?rest_route=\/wp\/v2\/types\/page"}],"author":[{"embeddable":true,"href":"https:\/\/rec.uff.br\/index.php?rest_route=\/wp\/v2\/users\/123481"}],"replies":[{"embeddable":true,"href":"https:\/\/rec.uff.br\/index.php?rest_route=%2Fwp%2Fv2%2Fcomments&post=6509"}],"version-history":[{"count":8,"href":"https:\/\/rec.uff.br\/index.php?rest_route=\/wp\/v2\/pages\/6509\/revisions"}],"predecessor-version":[{"id":6589,"href":"https:\/\/rec.uff.br\/index.php?rest_route=\/wp\/v2\/pages\/6509\/revisions\/6589"}],"wp:attachment":[{"href":"https:\/\/rec.uff.br\/index.php?rest_route=%2Fwp%2Fv2%2Fmedia&parent=6509"}],"wp:term":[{"taxonomy":"category","embeddable":true,"href":"https:\/\/rec.uff.br\/index.php?rest_route=%2Fwp%2Fv2%2Fcategories&post=6509"},{"taxonomy":"post_tag","embeddable":true,"href":"https:\/\/rec.uff.br\/index.php?rest_route=%2Fwp%2Fv2%2Ftags&post=6509"}],"curies":[{"name":"wp","href":"https:\/\/api.w.org\/{rel}","templated":true}]}}

<p><a href="https://rec.uff.br/wp-content/uploads/sites/196/2015/11/Livro-Ciberpublicidade.jpg"><img loading="lazy" decoding="async" class="alignleft wp-image-6540" src="https://rec.uff.br/wp-content/uploads/sites/196/2015/11/Livro-Ciberpublicidade.jpg" alt="Livro Ciberpublicidade" width="280" height="418" /></a></p>
<p><strong>Ciberpublicidade: discurso, experiência e consumo na cultura transmidiática</strong></p>
<p><strong>Organizadores: </strong>Guilherme Nery Atem, Thaiane Moreira de Oliveira, Sandro Tôrres de Azevedo</p>
<p><strong>Autores: </strong>Lucia Santaella e Maria Collier de Mendonça, Vander Casaqui, Pedro Hellín e Eneus Trindade (com Livia Souza e Rosane Mauro), Thaiane Moreira de Oliveira e Fernanda Carrera, Livia Souza e Mariana Marchesi, João Carrascoza, Guilherme Nery Atem e Mariana Ayres Tavares, Renato L. Figueiredo, Rogério Covaleski, Sandro Tôrres de Azevedo, Arlete Eni Granero, Clotilde Perez e Sergio Bairon, Rhaissa Vitor e Adilson Cabral, Bruno Pompeu, Goiamérico Felício e Mariana de Paiva Araújo.</p>
<p>Ciberpublicidade é o termo que temos usado no ReC (Grupo de Pesquisa em Retórica do Consumo – UFF) para diferenciar as atuais lógicas publicitárias daquelas que vigoraram até o final do século XX. Ultrapassando uma visada tecnicista, o conceito abrange as transformações na forma de se pensar, criar, produzir, veicular, aferir e dar sentido a publicidade nos dias de hoje, considerando a atitude da sociedade e da cultura contemporânea marcada pela onipresença das mídias digitais. Assim, reunimos diversos pesquisadores da área da Publicidade, da Comunicação e da Linguagem para ocupar um espaço que permanecia lacônico na academia brasileira: refletir sobre essa nova condição da Publicidade e desenvolver uma perspectiva metodológica e crítica de seus fenômenos.</p>
<p>&nbsp;</p>
<p><a href="https://rec.uff.br/wp-content/uploads/sites/196/2015/11/Livro-Linguagens-cibercultura.jpg"><img loading="lazy" decoding="async" class="alignleft wp-image-6537" src="https://rec.uff.br/wp-content/uploads/sites/196/2015/11/Livro-Linguagens-cibercultura.jpg" alt="Livro Linguagens cibercultura" width="280" height="424" /></a></p>
<p><strong>Linguagens na Cibercultura</strong></p>
<p><strong>Organizadores: </strong>Lucia Teixeira, José Roberto do Carmo Jr.</p>
<p><strong>Autores: </strong>Eugenio Trivinho, Kati Eliana Caetano, José Roberto do Carmo Jr., Lucia Teixeira, Stefania Caliandro, Regina Souza Gomes, Guilherme Nery Atem e Sandro Torres de Azevedo, Oriana de Nadai Fulaneti, Renata Mancini e João Alt, Silvia Maria de Sousa, Karla Faria e Lucia Teixeira, Luiza Helena Oliveira da Silva, Naiane Vieira dos Reis</p>
<p>A cibercultura, entendida não apenas como questão tecnológica, mas como atitude da sociedade contemporânea, capaz de gerar impactos socioculturais ainda pouco estudados, manifesta-se por meio de uma linguagem sincrética, que opera com desenhos, gráficos, figuras, cores, palavras, sons, movimento etc. Qualquer que seja o suporte em que se concretiza, a linguagem multissensorial dos novos meios passa a modelar e intermediar relações em que o corpo do homem se dobra aos efeitos, encantos e tentações da máquina. A pesquisa nos campos da Semiótica, da Linguística e da Comunicação não pode deixar de considerar tais questões e deve deter-se na análise da relação entre o impacto tecnológico representado pelas mídias digitais e a correspondente novidade social gerada pelas formas de interação propostas. Os artigos reunidos neste livro não só discutem questões ligadas às formas de manifestação do hipertexto e ao papel do suporte digital, mas também debruçam-se sobre a necessidade de redimensionar e questionar conceitos como os de texto, enunciação e interação. Para além disso, questionam a produção de mitos como o da universalidade do acesso à rede e o da abertura infinita do hipertexto.</p>
<p>&nbsp;</p>
<p><a href="https://rec.uff.br/wp-content/uploads/sites/196/2015/11/Livro-Universo-signico.png"><img loading="lazy" decoding="async" class="alignleft wp-image-6530" src="https://rec.uff.br/wp-content/uploads/sites/196/2015/11/Livro-Universo-signico.png" alt="Livro Universo signico" width="280" height="401" /></a></p>
<p><strong>Universo sígnico da pirataria: Falso? Verdadeiro!</strong></p>
<p><strong>Organizadores:</strong> Clotilde Perez, Eneus Trindade, Jôse Fogaça, Leandro Batista</p>
<p><strong>Autores: </strong>Alexandre Las Casas, Alhen Rubens, André Luiz Peruzzo, Andrea Meneghel, Bibiana Stholer, Sabença Almeida, Bruno Pompeu Marques Filho, Carolina Boari Caraciola, Cinira Baader, Clotilde Perez, Dorinho Bastos, Eneus Trindade Barreto Filho, Gabriela Ayer, Gino Giacomini Filho, Hélio Silva, Janiene Santos, Jeferson Hugo Pacheco de Rezende, Jôse Fogaça, José Palandi Junior, Lawrence Koo, Leandro Leonardo Batista, Livia Souza, Marcos Hiller, Maria Cecília Andreucci Cury, Nicolás Llano, Paulo Roberto Monteiro de Araújo, Raquel de Castro Dantas Cavalcante, Sergio Bairon, Silvio Koiti Sato, Thais Novais de Curtis, Wesley Moreira Pinheiro</p>
<p>Este livro condensa as contribuições dos integrantes e convidados do Grupo de Estudos Semióticos em Comunicação, Cultura e Consumo (GESC3 – CNPq e PPGCOM/USP) em investigação conduzida sobre a perspectiva do falso como verdadeiro na construção das percepções estéticas, das condutas éticas e das generalizações correspondentes às dimensões simbólicas que constituem o universo de sentidos do consumo de mercadorias de marcas pirateadas.</p>
<p>&nbsp;</p>
<p>&nbsp;</p>
<p>&nbsp;</p>
<p><a href="https://rec.uff.br/wp-content/uploads/sites/196/2015/11/Livro-Juventude-e-consumo1.jpg"><img loading="lazy" decoding="async" class="alignleft wp-image-6586" src="https://rec.uff.br/wp-content/uploads/sites/196/2015/11/Livro-Juventude-e-consumo1.jpg" alt="Livro Juventude e consumo" width="285" height="388" /></a></p>
<p><strong>Juventude e consumo: um estudo sobre a comunicação na cultura contemporânea</strong></p>
<p><strong>Autores:</strong> Everardo Rocha, Cláudia Periera</p>
<p>Dividido em quatro capítulos o livro &#8216;Juventude e Consumo&#8217; enfoca questões vinculadas à juventude, ao consumo, às novas tecnologias, ao luxo e à comunicação. Aprofunda-se nesses fenômenos e suas formas de realização social na cultura brasileira e na experiência de juventude, como modo de ampliar as perspectivas para uma reflexão sobre o imaginário contemporâneo.</p>

<p>Ciberpublicidade: discurso, experiência e consumo na cultura transmidiática Organizadores: Guilherme Nery Atem, Thaiane Moreira de Oliveira, Sandro Tôrres de Azevedo Autores: Lucia Santaella e Maria Collier de Mendonça, Vander Casaqui, [&hellip;]</p>
